remainder when 1270 is divided by 224.
150
What is the remainder when 140346 is divided by 193?
35
Calculate the remainder when 2428 is divided by 349.
334
Calculate the remainder when 21262 is divided by 26.
20
Calculate the remainder when 5704 is divided by 79.
16
Calculate the remainder when 130 is divided by 6.
4
What is the remainder when 3119 is divided by 120?
119
Calculate the remainder when 7270 is divided by 6340.
930
What is the remainder when 28100 is divided by 119?
16
Calculate the remainder when 41339 is divided by 1652.
39
Calculate the remainder when 15375 is divided by 85.
75
Calculate the remainder when 11287 is divided by 75.
37
Calculate the remainder when 482722 is divided by 22.
20
What is the remainder when 5316527 is divided by 16?
15
Calculate the remainder when 1944 is divided by 585.
189
What is the remainder when 6798 is divided by 253?
220
Calculate the remainder when 131706 is divided by 3763.
1
Calculate the remainder when 14893 is divided by 29.
16
What is the remainder when 16285 is divided by 11?
5
Calculate the remainder when 5965 is divided by 744.
13
What is the remainder when 87260 is divided by 8?
4
What is the remainder when 23923 is divided by 5871?
439
Calculate the remainder when 32024 is divided by 572.
564
Calculate the remainder when 292810 is divided by 135.
130
What is the remainder when 3220 is divided by 1057?
49
Calculate the remainder when 3296 is divided by 369.
344
What is the remainder when 8487 is divided by 288?
135
What is the remainder when 53584 is divided by 491?
65
Calculate the remainder when 29 is divided by 8.
5
What is the remainder when 8422 is divided by 17?
7
Calculate the remainder when 3891 is divided by 31.
16
Calculate the remainder when 14292 is divided by 762.
576
What is the remainder when 7786 is divided by 3873?
40
Calculate the remainder when 665 is divided by 88.
49
Calculate the remainder when 7973 is divided by 2635.
68
Calculate the remainder when 176289 is divided by 498.
495
Calculate the remainder when 57830 is divided by 27.
23
What is the remainder when 104324 is divided by 1013?
998
Calculate the remainder when 8885 is divided by 114.
107
Calculate the remainder when 205050 is divided by 163.
159
What is the remainder when 3463 is divided by 222?
133
What is the remainder when 4188 is divided by 1643?
902
Calculate the remainder when 19940 is divided by 11.
8
Calculate the remainder when 459 is divided by 43.
29
What is the remainder when 10765 is divided by 5256?
253
Calculate the remainder when 2883 is divided by 2741.
142
What is the remainder when 1281127 is divided by 154?
1
What is the remainder when 4153 is divided by 262?
223
What is the remainder when 4416 is divided by 756?
636
Calculate the remainder when 23790 is divided by 111.
36
Calculate the remainder when 759964 is divided by 37.
21
What is the remainder when 17875 is divided by 16?
3
Calculate the remainder when 593009 is divided by 43.
39
Calculate the remainder when 2108136 is divided by 47.
45
Calculate the remainder when 39124 is divided by 7823.
9
Calculate the remainder when 294333 is divided by 181.
27
Calculate the remainder when 30043 is divided by 341.
35
What is the remainder when 26810 is divided by 1?
0
Calculate the remainder when 207 is divided by 35.
32
Calculate the remainder when 852086 is divided by 344.
342
What is the remainder when 90014 is divided by 5999?
29
What is the remainder when 43048 is divided by 8389?
1103
What is the remainder when 3565 is divided by 54?
1
What is the remainder when 9487 is divided by 4222?
1043
What is the remainder when 5330 is divided by 252?
38
What is the remainder when 133810 is divided by 189?
187
What is the remainder when 149077 is divided by 142?
119
Calculate the remainder when 2565158 is divided by 520.
518
Calculate the remainder when 20573 is divided by 6828.
89
What is the remainder when 97062 is divided by 27?
24
What is the remainder when 51930 is divided by 25?
5
Calculate the remainder when 8487 is divided by 78.
63
What is the remainder when 67496 is divided by 37?
8
What is the remainder when 26077 is divided by 189?
184
Calculate the remainder when 2598 is divided by 805.
183
What is the remainder when 38409 is divided by 194?
191
Calculate the remainder when 801633 is divided by 132.
129
Calculate the remainder when 1998 is divided by 251.
241
What is the remainder when 50217 is divided by 17?
16
Calculate the remainder when 2476 is divided by 771.
163
What is the remainder when 1287030 is divided by 473?
470
What is the remainder when 23236 is divided by 264?
4
Calculate the remainder when 871 is divided by 823.
48
What is the remainder when 53381 is divided by 190?
181
Calculate the remainder when 48300 is divided by 16096.
12
What is the remainder when 53974 is divided by 540?
514
What is the remainder when 5548 is divided by 78?
10
What is the remainder when 2945 is divided by 2921?
24
Calculate the remainder when 146938 is divided by 237.
235
Calculate the remainder when 86137 is divided by 15.
7
Calculate the remainder when 24167 is divided by 37.
6
What is the remainder when 114946 is divided by 8841?
13
What is the remainder when 108019 is divided by 4696?
11
What is the remainder when 12786 is divided by 1272?
66
Calculate the remainder when 2376 is divided by 187.
132
Calculate the remainder when 25155 is divided by 265.
245
What is the remainder when 55781 is divided by 4?
1
Calculate the remainder when 3209 is divided by 3171.
38
Calculate the remainder when 3378 is divided by 110.
78
Calculate the remainder when 4749 is divided by 817.
664
Calculate the remainder when 227790 is divided by 45556.
10
Calculate the remainder when 413906 is divided by 44.
42
What is the remainder when 37 is divided by 12?
1
Calculate the remainder when 582 is divided by 346.
236
Calculate the remainder when 4726 is divided by 1123.
234
Calculate the remainder when 6887 is divided by 151.
92
What is the remainder when 813078 is divided by 10?
8
Calculate the remainder when 150377 is divided by 1729.
1683
Calculate the remainder when 10417 is divided by 274.
5
What is the remainder when 13909 is divided by 94?
91
What is the remainder when 113966 is divided by 208?
190
Calculate the remainder when 2168 is divided by 672.
152
What is the remainder when 15548 is divided by 379?
9
Calculate the remainder when 8011 is divided by 3103.
1805
What is the remainder when 5952 is divided by 116?
36
What is the remainder when 1439 is divided by 58?
47
What is the remainder when 460222 is divided by 153?
151
Calculate the remainder when 40275 is divided by 212.
207
What is the remainder when 2572 is divided by 638?
20
What is the remainder when 2077366 is divided by 78?
70
What is the remainder when 2945 is divided by 57?
38
What is the remainder when 61031 is divided by 23?
12
Calculate the remainder when 31827 is divided by 757.
33
Calculate the remainder when 2118 is divided by 37.
9
Calculate the remainder when 41859 is divided by 92.
91
Calculate the remainder when 7027 is divided by 3489.
49
What is the remainder when 20364 is divided by 240?
204
What is the remainder when 327744 is divided by 321?
3
What is the remainder when 151864 is divided by 43?
31
What is the remainder when 5333 is divided by 935?
658
What is the remainder when 6926 is divided by 6158?
768
Calculate the remainder when 440618 is divided by 1124.
10
Calculate the remainder when 12871 is divided by 2081.
385
Calculate the remainder when 1155464 is divided by 494.
492
What is the remainder when 14954 is divided by 1068?
2
Calculate the remainder when 30890 is divided by 1101.
62
What is the remainder when 27007 is divided by 16?
15
What is the remainder when 92737 is divided by 734?
253
What is the remainder when 148437 is divided by 9?
0
What is the remainder when 13784 is divided by 627?
617
Calculate the remainder when 18644 is divided by 2.
0
What is the remainder when 96474 is divided by 869?
15
Calculate the remainder when 137767 is divided by 1451.
1373
What is the remainder when 15117 is divided by 7515?
87
Calculate the remainder when 779 is divided by 85.
14
What is the remainder when 693366 is divided by 19?
18
What is the remainder when 463865 